{"id":1776,"date":"2020-10-04T19:25:08","date_gmt":"2020-10-04T22:25:08","guid":{"rendered":"https:\/\/giovanacarnavalli.com.br\/site\/?page_id=1776"},"modified":"2020-10-04T20:14:21","modified_gmt":"2020-10-04T23:14:21","slug":"links","status":"publish","type":"page","link":"https:\/\/carnavalliadvogados.com.br\/site\/links\/","title":{"rendered":"Links"},"content":{"rendered":"<p><strong>Direito Tribut\u00e1rio<\/strong><\/p>\n<ul>\n<li><a href=\"http:\/\/www.receita.fazenda.gov.br\/Legislacao\/LegisAssunto\/ConsContribuinte.htm\" target=\"_blank\" rel=\"noopener noreferrer\">Conselho de contribuintes<\/a><\/li>\n<li><a href=\"http:\/\/www.fazenda.sp.gov.br\/\" target=\"_blank\" rel=\"noopener noreferrer\">Secretaria da Fazenda do Estado de S\u00e3o Paulo<\/a><\/li>\n<li><a href=\"http:\/\/www.receita.fazenda.gov.br\" target=\"_blank\" rel=\"noopener noreferrer\">Secretaria da Receita Federal<\/a><\/li>\n<\/ul>\n<p><strong>TJ (Tribunal de Justi\u00e7a)<\/strong><\/p>\n<ul>\n<li><a href=\"http:\/\/www.tj.rj.gov.br\/\" target=\"_blank\" rel=\"noopener noreferrer\">Rio de Janeiro<\/a><\/li>\n<li><a href=\"http:\/\/www.tj.sp.gov.br\/\" target=\"_blank\" rel=\"noopener noreferrer\">S\u00e3o Paulo<\/a><\/li>\n<li><a href=\"http:\/\/www.tj.pr.gov.br\/\" target=\"_blank\" rel=\"noopener noreferrer\">Paran\u00e1<\/a><\/li>\n<\/ul>\n<p><strong>TRT (Tribunal Regional do Trabalho)<\/strong><\/p>\n<ul>\n<li><a href=\"http:\/\/www.trtrio.gov.br\/\" target=\"_blank\" rel=\"noopener noreferrer\">01\u00aa Regi\u00e3o &#8211; Rio de Janeiro<\/a><\/li>\n<li><a href=\"http:\/\/www.trt9.jus.br\/\" target=\"_blank\" rel=\"noopener noreferrer\">09\u00aa Regi\u00e3o &#8211; Paran\u00e1<\/a><\/li>\n<li><a href=\"http:\/\/www.trt15.jus.br\/\" target=\"_blank\" rel=\"noopener noreferrer\">15\u00aa Regi\u00e3o &#8211; Campinas, S.P<\/a><\/li>\n<\/ul>\n","protected":false},"excerpt":{"rendered":"<p>Direito Tribut\u00e1rio Conselho de contribuintes Secretaria da Fazenda do Estado de S\u00e3o Paulo Secretaria da Receita Federal TJ (Tribunal de Justi\u00e7a) Rio de Janeiro S\u00e3o Paulo Paran\u00e1 TRT (Tribunal Regional &#8230;<\/p>\n","protected":false},"author":1,"featured_media":0,"parent":0,"menu_order":0,"comment_status":"closed","ping_status":"closed","template":"","meta":{"footnotes":""},"class_list":["post-1776","page","type-page","status-publish","hentry"],"_links":{"self":[{"href":"https:\/\/carnavalliadvogados.com.br\/site\/wp-json\/wp\/v2\/pages\/1776","targetHints":{"allow":["GET"]}}],"collection":[{"href":"https:\/\/carnavalliadvogados.com.br\/site\/wp-json\/wp\/v2\/pages"}],"about":[{"href":"https:\/\/carnavalliadvogados.com.br\/site\/wp-json\/wp\/v2\/types\/page"}],"author":[{"embeddable":true,"href":"https:\/\/carnavalliadvogados.com.br\/site\/wp-json\/wp\/v2\/users\/1"}],"replies":[{"embeddable":true,"href":"https:\/\/carnavalliadvogados.com.br\/site\/wp-json\/wp\/v2\/comments?post=1776"}],"version-history":[{"count":5,"href":"https:\/\/carnavalliadvogados.com.br\/site\/wp-json\/wp\/v2\/pages\/1776\/revisions"}],"predecessor-version":[{"id":1796,"href":"https:\/\/carnavalliadvogados.com.br\/site\/wp-json\/wp\/v2\/pages\/1776\/revisions\/1796"}],"wp:attachment":[{"href":"https:\/\/carnavalliadvogados.com.br\/site\/wp-json\/wp\/v2\/media?parent=1776"}],"curies":[{"name":"wp","href":"https:\/\/api.w.org\/{rel}","templated":true}]}}

<p><strong>Direito Tributário</strong></p>
<ul>
<li><a href="http://www.receita.fazenda.gov.br/Legislacao/LegisAssunto/ConsContribuinte.htm" target="_blank" rel="noopener noreferrer">Conselho de contribuintes</a></li>
<li><a href="http://www.fazenda.sp.gov.br/" target="_blank" rel="noopener noreferrer">Secretaria da Fazenda do Estado de São Paulo</a></li>
<li><a href="http://www.receita.fazenda.gov.br" target="_blank" rel="noopener noreferrer">Secretaria da Receita Federal</a></li>
</ul>
<p><strong>TJ (Tribunal de Justiça)</strong></p>
<ul>
<li><a href="http://www.tj.rj.gov.br/" target="_blank" rel="noopener noreferrer">Rio de Janeiro</a></li>
<li><a href="http://www.tj.sp.gov.br/" target="_blank" rel="noopener noreferrer">São Paulo</a></li>
<li><a href="http://www.tj.pr.gov.br/" target="_blank" rel="noopener noreferrer">Paraná</a></li>
</ul>
<p><strong>TRT (Tribunal Regional do Trabalho)</strong></p>
<ul>
<li><a href="http://www.trtrio.gov.br/" target="_blank" rel="noopener noreferrer">01ª Região &#8211; Rio de Janeiro</a></li>
<li><a href="http://www.trt9.jus.br/" target="_blank" rel="noopener noreferrer">09ª Região &#8211; Paraná</a></li>
<li><a href="http://www.trt15.jus.br/" target="_blank" rel="noopener noreferrer">15ª Região &#8211; Campinas, S.P</a></li>
</ul>

<p>Direito Tributário Conselho de contribuintes Secretaria da Fazenda do Estado de São Paulo Secretaria da Receita Federal TJ (Tribunal de Justiça) Rio de Janeiro São Paulo Paraná TRT (Tribunal Regional &#8230;</p>
